{"id":14,"date":"2023-06-27T09:30:13","date_gmt":"2023-06-27T09:30:13","guid":{"rendered":"https:\/\/sirisrom.no\/wordpress\/?page_id=14"},"modified":"2026-03-18T09:14:36","modified_gmt":"2026-03-18T09:14:36","slug":"siris-hjerterom","status":"publish","type":"page","link":"https:\/\/sirisrom.no\/index.php\/siris-hjerterom\/","title":{"rendered":"Siri&#8217;s hjerterom"},"content":{"rendered":"\n<blockquote class=\"wp-block-quote is-layout-flow wp-block-quote-is-layout-flow\">\n<p><em><strong>L\u00e6r deg \u00e5 leve, mens du fortsatt er i livet &#8211; Wayne Dyer<\/strong><\/em><\/p>\n\n\n\n<p class=\"has-text-align-center\"><img loading=\"lazy\" decoding=\"async\" width=\"641\" height=\"427\" class=\"wp-image-648\" style=\"width: 641px;\" src=\"https:\/\/sirisrom.no\/wordpress\/wp-content\/uploads\/2026\/03\/prisliste-hjerterom-bilde.png\" alt=\"\" srcset=\"https:\/\/sirisrom.no\/wordpress\/wp-content\/uploads\/2026\/03\/prisliste-hjerterom-bilde.png 1536w, https:\/\/sirisrom.no\/wordpress\/wp-content\/uploads\/2026\/03\/prisliste-hjerterom-bilde-300x200.png 300w, https:\/\/sirisrom.no\/wordpress\/wp-content\/uploads\/2026\/03\/prisliste-hjerterom-bilde-1024x683.png 1024w, https:\/\/sirisrom.no\/wordpress\/wp-content\/uploads\/2026\/03\/prisliste-hjerterom-bilde-768x512.png 768w, https:\/\/sirisrom.no\/wordpress\/wp-content\/uploads\/2026\/03\/prisliste-hjerterom-bilde-90x60.png 90w, https:\/\/sirisrom.no\/wordpress\/wp-content\/uploads\/2026\/03\/prisliste-hjerterom-bilde-370x247.png 370w, https:\/\/sirisrom.no\/wordpress\/wp-content\/uploads\/2026\/03\/prisliste-hjerterom-bilde-776x517.png 776w\" sizes=\"auto, (max-width: 641px) 100vw, 641px\" \/><\/p>\n<\/blockquote>\n\n\n\n<p><\/p>\n\n\n\n<p><strong>Reading:<\/strong><br>Det finnes energier i og rundt oss. Det \u00e5 kommunisere med denne energien er<br>en del av det \u00e5 v\u00e6re menneske, enten vi er det bevisst eller ei. I en reading<br>kommuniserer vi direkte og bevisst med denne energien. En sjel til sjel<br>kommunikasjon. Sjelen din kan fortelle viktige ting om deg selv som du ellers<br>kanskje ikke f\u00e5r tak i. Dette kommuniserer jeg s\u00e5 videre til deg. Sjelen din<br>forteller ikke mer enn det du er klar for.<br>Reading kan hjelpe deg til \u00e5 f\u00e5 \u00f8ye p\u00e5 de mulighetene som du selv kan skape.<br>Man kan lese p\u00e5 helt enkle temaer eller dypereliggende problemer, f\u00f8lelser og<br>tanker.<\/p>\n\n\n\n<p><br>Reading kan hjelpe deg til \u00e5 gi slipp p\u00e5 bindinger og gamle m\u00f8nstre, som<br>hindrer deg \u00e5 v\u00e6re den du egentlig er.<br>Her ligger alle svarene vi trenger. Magisk, men likevel s\u00e5 enkelt.<br><\/p>\n\n\n\n<p><strong>Healing:<\/strong><br>Healing-terapi kan kort forklares som energioverf\u00f8ring. Healing virker som et<br>par startkabler som \u00f8ker energien, h\u00f8yner immunforsvaret og dermed setter<br>kroppen i stand til \u00e5 helbrede seg selv. N\u00e5r energisystemet er i harmoni, vil den<br>fysiske kroppen bringes i balanse igjen. Healing vil hjelpe deg med prosessen<br>ved \u00e5 l\u00f8sne opp blokkeringer ved \u00e5 tilsette ren energi.<br>Healing virker legende ved kroppslige tilstander, og virker p\u00e5 hele v\u00e5r<br>bevissthet.<\/p>\n\n\n\n<p><br><strong>Kombinasjonsbehandling:<\/strong><br>Massasje, healing og energibalansering i en herlig blanding.<br>Spesielt tilpasset ditt behov fra gang til gang<\/p>\n\n\n<div class=\"wp-block-image\">\n<figure class=\"aligncenter size-large\"><img loading=\"lazy\" decoding=\"async\" width=\"1024\" height=\"1024\" src=\"https:\/\/sirisrom.no\/wordpress\/wp-content\/uploads\/2023\/06\/Bakgrunn-hjerterom-1-1024x1024.jpg\" alt=\"\" class=\"wp-image-50\" srcset=\"https:\/\/sirisrom.no\/wordpress\/wp-content\/uploads\/2023\/06\/Bakgrunn-hjerterom-1-1024x1024.jpg 1024w, https:\/\/sirisrom.no\/wordpress\/wp-content\/uploads\/2023\/06\/Bakgrunn-hjerterom-1-300x300.jpg 300w, https:\/\/sirisrom.no\/wordpress\/wp-content\/uploads\/2023\/06\/Bakgrunn-hjerterom-1-150x150.jpg 150w, https:\/\/sirisrom.no\/wordpress\/wp-content\/uploads\/2023\/06\/Bakgrunn-hjerterom-1-768x768.jpg 768w, https:\/\/sirisrom.no\/wordpress\/wp-content\/uploads\/2023\/06\/Bakgrunn-hjerterom-1-1536x1536.jpg 1536w, https:\/\/sirisrom.no\/wordpress\/wp-content\/uploads\/2023\/06\/Bakgrunn-hjerterom-1-2048x2048.jpg 2048w, https:\/\/sirisrom.no\/wordpress\/wp-content\/uploads\/2023\/06\/Bakgrunn-hjerterom-1-100x100.jpg 100w\" sizes=\"auto, (max-width: 1024px) 100vw, 1024px\" \/><\/figure>\n<\/div>","protected":false},"excerpt":{"rendered":"<p>L\u00e6r deg \u00e5 leve, mens du fortsatt er i livet &#8211; Wayne Dyer Reading:Det finnes energier i og rundt oss. Det \u00e5 kommunisere med denne energien eren del av det &hellip; <\/p>\n","protected":false},"author":1,"featured_media":15,"parent":0,"menu_order":0,"comment_status":"closed","ping_status":"closed","template":"","meta":{"footnotes":""},"class_list":["post-14","page","type-page","status-publish","has-post-thumbnail","hentry"],"_links":{"self":[{"href":"https:\/\/sirisrom.no\/index.php\/wp-json\/wp\/v2\/pages\/14","targetHints":{"allow":["GET"]}}],"collection":[{"href":"https:\/\/sirisrom.no\/index.php\/wp-json\/wp\/v2\/pages"}],"about":[{"href":"https:\/\/sirisrom.no\/index.php\/wp-json\/wp\/v2\/types\/page"}],"author":[{"embeddable":true,"href":"https:\/\/sirisrom.no\/index.php\/wp-json\/wp\/v2\/users\/1"}],"replies":[{"embeddable":true,"href":"https:\/\/sirisrom.no\/index.php\/wp-json\/wp\/v2\/comments?post=14"}],"version-history":[{"count":26,"href":"https:\/\/sirisrom.no\/index.php\/wp-json\/wp\/v2\/pages\/14\/revisions"}],"predecessor-version":[{"id":650,"href":"https:\/\/sirisrom.no\/index.php\/wp-json\/wp\/v2\/pages\/14\/revisions\/650"}],"wp:featuredmedia":[{"embeddable":true,"href":"https:\/\/sirisrom.no\/index.php\/wp-json\/wp\/v2\/media\/15"}],"wp:attachment":[{"href":"https:\/\/sirisrom.no\/index.php\/wp-json\/wp\/v2\/media?parent=14"}],"curies":[{"name":"wp","href":"https:\/\/api.w.org\/{rel}","templated":true}]}}